*d - 140. Let m = -87 + d. What is the units digit of m?
3
Suppose -276 - 354 = -2*a. Suppose 2*n + a = 9*n. What is the tens digit of n?
4
Let a = 676 - 673. Let d = -86 + 179. Suppose -a*w + 8*i = 3*i - 129, -d = -2*w + i. What is the tens digit of w?
4
Suppose -5*t - p + 762 = 3*p, 2*t + 4*p = 312. What is the hundreds digit of t?
1
Suppose -4*w = -50 - 30. Suppose 3*x - w = -2. Suppose 0*c - c = s - 21, 4*c = s - x. What is the units digit of s?
8
Let m(a) = -3*a**3 - 4*a + 2*a**2 - 3*a**2 + 2*a - 1. Let t be m(-1). What is the tens digit of (19/t)/(8/24)?
1
Let p be (-3)/(-5) + 4/10. Let y be p/((-2)/(2/(-1))). What is the units digit of y/(3 + -4) + 27?
6
Suppose 1 = 4*x - 55. Let f be 21/(x/4 + -2). Let y = f - -13. What is the units digit of y?
7
Suppose a + 5*g + 14 = -a, -3*g = a + 9. What is the units digit of (a - 251)*21/(-28)?
6
Suppose 3*s - 64596 = -11*s. What is the hundreds digit of s?
6
Suppose 4*h = w - 323, w - 1208 = -3*w - 5*h. Suppose 2*r - w = 105. What is the hundreds digit of r?
2
Suppose g + 3 = 2*v, -4*v = v + 3*g + 9. Suppose 3*x + 3*b = 552, v*x = 4*x - b - 716. What is the units digit of x?
0
Suppose -f = -3*f + 3*n + 287, -151 = -f - n. What is the hundreds digit of f?
1
Let w(h) = -82*h - 40. What is the units digit of w(-3)?
6
Let q(y) = y**3 + 5*y**2 + 3*y - 4. Let a be q(-3). Suppose -a*b = -5*c - 40, -1 = -3*c - 2*b - 5. What is the tens digit of 17 - 1/((-2)/c)?
1
Let p(y) = y**2 + 5. Let v be p(0). Suppose 4*l + 3 = v*l. What is the units digit of (-129)/(-6)*(-1 + l)?
3
Let r(z) = -19*z**3 + 56 - 54 + 18*z**3 - 10*z - 21*z**2. What is the units digit of r(-21)?
2
Suppose -3*a = -g - 0*a - 3, -3*g = -4*a - 6. Suppose -g = 4*h - 70. What is the units digit of h?
6
Let y(z) = z**3 - 4*z**2 + 3. Let q be -5 + 12 - (0 + 3). Let o be y(q). Suppose -5*l + 37 = f, 0 = 2*f - 3*f - o. What is the units digit of l?
8
Suppose -w + 3 = -v + 5, -2*w - 4 = -3*v. Let j = v - 4. What is the units digit of 24 - (-1)/(2/j)?
2
Suppose 2*d - 13 - 1 = 0. Suppose -2*h = -43 - d. What is the tens digit of h?
2
Let o be 3/(-5) + (-84)/(-15). Let j(p) = 2*p**3 + 2*p**2 + 7*p + 6. What is the tens digit of j(o)?
4
Let v(f) = 3*f**2 - 13*f + 5. Suppose -s + 62 - 57 = 0. What is the tens digit of v(s)?
1
Let p = 8 - 14. What is the units digit of 158/p*(-9)/3?
9
Suppose -3*r + 7707 = 3*c, 3*c + 3105 = 3*r + 10824. What is the tens digit of c?
7
Let h(l) = 4*l + 20. Let o be h(-5). Suppose -3*c + 11 + 13 = o. Suppose -5*r + c*r - 36 = 0. What is the tens digit of r?
1
Let t(q) = -2*q - 16. Let m be t(-5). Let d = m + 29. Let a = d - -37. What is the units digit of a?
0
Suppose 24*j = 8615 + 44713. What is the tens digit of j?
2
Let j = 26 + -10. Suppose 0 = -2*b + j*b - 28. What is the units digit of b?
2
Suppose -8*i = -68 - 4. Suppose -90 = 6*z - i*z. What is the units digit of z?
0
Let n = -28 + 326. What is the hundreds digit of ((-36)/(-3))/(-4) - (2 - n)?
2
Let f(q) = -q**2 + 5*q - 2. Let s be f(4). Suppose 254 = 4*l - s*h, -5*l - 3*h = -3*l - 123. Let u = l + -36. What is the units digit of u?
7
Let c(i) = -160*i - 4. What is the hundreds digit of c(-5)?
7
Let z be (12/(-3) + -4)/(-2). Suppose -x - 18 = 5*t, 4*x + 2*t - z*t + 28 = 0. What is the tens digit of (-204)/(-10) - x/(-20)?
2
Let m(c) = 58*c - 60. Let k be m(9). Suppose -k = -2*x + 110. What is the tens digit of x?
8
Suppose 16*n = 31*n - 48900. What is the tens digit of n?
6
Suppose 6*w - 16297 - 9287 = 0. What is the hundreds digit of w?
2
Let s(i) = -12*i. Let u(k) = -k**3 + 7*k**2 + 7*k + 10. Let m be u(8). Let x be 4/m - (-1 - -4). What is the tens digit of s(x)?
1
Suppose 0 = 26*x - 6941 - 11597. What is the units digit of x?
3
Let x = -68 - -72. Suppose 0*l + x*s - 688 = -4*l, -3*l - s = -512. What is the hundreds digit of l?
1
Let a(y) = y**3 - 22*y**2 + 29*y - 6. What is the tens digit of a(22)?
3
Suppose 0 = -8*b - 8721 + 22433. What is the units digit of b?
4
What is the tens digit of 1018 + 5/(5/4)?
2
Suppose 4*z - 2*l = 7110, -4*z - 1491 = 2*l - 8581. What is the thousands digit of z?
1
Let f = 5 + -1. Suppose 0 = f*h - 5*y + 8*y - 896, h - 5*y = 224. What is the tens digit of h?
2
Suppose -2*c + 4*c = 2. Suppose 4*h + 27 = 5*q, 2*q + h + 0*h = 16. What is the tens digit of (3 - c)*(q + -1)?
1
Suppose -127 - 312 = -5*u + t, -u + 4*t = -103. Suppose -617 - u = -4*q. What is the hundreds digit of q?
1
What is the hundreds digit of 1450/6 - 28/(-21)?
2
Suppose 0 = 7*l - 2*l + 235. Let s = 156 + l. What is the units digit of s?
9
Let h(j) be the first derivative of j**4/2 + 19*j**3/3 - 7*j**2/2 - 31*j - 14. What is the units digit of h(-9)?
3
Let q = 32 + -36. What is the tens digit of q - ((-48 - -3) + 0)?
4
Suppose 5*i - o - 25 = -6*o, -o - 7 = -2*i. Let h = -30 - -49. Let m = h + i. What is the tens digit of m?
2
Let t be 67/(-2)*(-6)/3. What is the units digit of 1*t - (-2)/(-7)*7?
5
Suppose -28540 + 4760 = -4*n. What is the tens digit of n?
4
Let v = 47 - 58. What is the units digit of 12/18*v*(-6)/4?
1
Let w = 2385 - 1608. What is the units digit of w?
7
Let v(w) = 2*w**2 - w - 1. Let o be v(2). Suppose -o*n + 403 = -3*h, -5*n = 3*h - 358 - 69. What is the units digit of n?
3
Let t = 66 + -69. What is the units digit of t/12 - 3/((-48)/292)?
8
Let y = 388 - 569. Let t = y - -297. What is the hundreds digit of t?
1
Suppose 5*l + 2*z - z = 14, 5*l = 4*z + 19. Suppose h - 11 = l. Let y = h + -10. What is the units digit of y?
4
Let g(b) = -37*b**2 - 7*b - 7. Let q(c) = -19*c**2 - 4*c - 3. Let l(v) = -3*g(v) + 5*q(v). What is the hundreds digit of l(-3)?
1
Suppose 4*l = -0*w - 3*w - 15, 2*l = 2*w - 4. Let m = 3 + l. Suppose 4*b + 3*z - 37 - 27 = m, -3*b = -2*z - 48. What is the units digit of b?
6
Suppose -b - 62 = 2*k, -k - 36 = 5*b + 4. Let d = k + 75. What is the units digit of d?
5
Suppose -9*r = 3*s - 7*r - 316, -2*s - 5*r = -229. What is the units digit of s?
2
Suppose 239*i = 227*i + 34908. What is the tens digit of i?
0
Let k(i) = 96*i**2 + 13*i + 2. What is the hundreds digit of k(3)?
9
Let t(y) = 3*y**3 - 3*y**2 + 4*y - 7. Let p be t(3). Let n(u) = 2*u**3 + 2*u**2 - 2*u - 1. Let w be n(-3). Let b = p + w. What is the units digit of b?
8
Let f(i) = 45*i + 27. What is the units digit of f(3)?
2
Let t(c) be the third derivative of -c**5/60 + 5*c**4/12 - 5*c**3/6 + 2*c**2. Let k = -26 + 33. What is the tens digit of t(k)?
1
What is the units digit of ((-51)/(-9) - 6) + 4597/3?
2
Let w be (-340)/(8/2) - 0. Let l = -46 - w. What is the units digit of l?
9
Let w be 29 + (-20)/30 + (-1)/3. Suppose -w*b - 56 = -32*b. What is the units digit of b?
4
Let k(j) = j**3 - 5*j**2 + 4*j - 3. Let h be k(3). Let o be (5 + -3)/((-6)/h). What is the tens digit of -24*o*(-5)/10?
3
Let l(i) = 107*i - 218*i + 89*i - 11. What is the hundreds digit of l(-16)?
3
Let m(p) be the third derivative of p**5/60 + p**4/24 - p**3/6 + 6*p**2. Let s be m(2). Suppose s*r = 69 + 1. What is the tens digit of r?
1
Let t be 3*(12/(-9))/(-1). Let m be (-109 - t)*(-1)/(-1). Let v = -72 - m. What is the units digit of v?
1
Let v(k) = -k + 6. Suppose 0 = -h - 16 + 5. What is the units digit of v(h)?
7
Suppose 0*y = 3*y - 21. Let o(t) = -t**3 + 5*t**2 + 12*t + 2. Let i be o(y). What is the tens digit of -14*(-6)/(i/(-5))?
3
Let r(w) = -w**3 + 6*w**2 - w - 6. Let m be r(5). Let k = 17 - m. What is the units digit of 3*k/(-3) + 4?
1
Let k = 26 + -11. Let i = 9 - k. What is the units digit of (-80)/2*i/12?
0
Let z(w) = 16*w**3 + 4*w**2 - 5*w + 6. What is the hundreds digit of z(4)?
0
Let k(p) = -2*p**2 + 8*p - 6. Let c be k(3). Suppose -2*x - 5 + 145 = c. Suppose 0 = -4*u + x + 206. What is the tens digit of u?
6
Let u(v) be the third derivative of -v**4/24 + 8*v**3 + v**2 + 38*v. What is the units digit of u(11)?
7
What is the units digit of (322/(-112))/23 + 10225/8?
8
Suppose -10*k - 4785 = -21*k. What is the tens digit of k?
3
Let q(x) = -2*x + 2. Let j be q(-1). Let c be (j/(-10))/((-9)/90). Suppose 0 = m + 3*p - 36 - 26, c*p = 2*m - 74. What is the tens digit of m?
4
Let o(r) = 3*r**2 + 23*r - 234. What is the units digit of o(10)?
6
Suppose 4*m - 2*f + 7 = -f, 3*m + 24 = -3*f. Let l = -4 - m. What is the units digit of -5*(2 - 1)*l?
5
Suppose -7 = -3*s + 41. Let d be 3/12 - (-2780)/s